divided by 41581.
2
Calculate the remainder when 5004 is divided by 76.
64
Calculate the remainder when 4903 is divided by 274.
245
What is the remainder when 6435 is divided by 683?
288
Calculate the remainder when 46354 is divided by 363.
253
Calculate the remainder when 2062313 is divided by 104.
97
What is the remainder when 709 is divided by 56?
37
Calculate the remainder when 34506 is divided by 406.
402
Calculate the remainder when 15698 is divided by 1940.
178
Calculate the remainder when 4401 is divided by 62.
61
What is the remainder when 136947 is divided by 50?
47
What is the remainder when 19307 is divided by 123?
119
What is the remainder when 15527 is divided by 7760?
7
What is the remainder when 6524 is divided by 596?
564
Calculate the remainder when 214433 is divided by 722.
721
What is the remainder when 341398 is divided by 15?
13
What is the remainder when 79913 is divided by 54?
47
What is the remainder when 7919 is divided by 357?
65
What is the remainder when 88553 is divided by 44265?
23
What is the remainder when 19660 is divided by 57?
52
What is the remainder when 995 is divided by 159?
41
What is the remainder when 9555 is divided by 2466?
2157
What is the remainder when 2897661 is divided by 1176?
1173
Calculate the remainder when 2891 is divided by 100.
91
What is the remainder when 772535 is divided by 386262?
11
What is the remainder when 610 is divided by 144?
34
What is the remainder when 567088 is divided by 45?
43
What is the remainder when 4884 is divided by 24?
12
What is the remainder when 2099 is divided by 199?
109
What is the remainder when 1366 is divided by 90?
16
What is the remainder when 6075 is divided by 1487?
127
Calculate the remainder when 1791 is divided by 849.
93
What is the remainder when 46633 is divided by 15541?
10
What is the remainder when 4091 is divided by 479?
259
Calculate the remainder when 1780349 is divided by 13.
12
Calculate the remainder when 13539 is divided by 62.
23
What is the remainder when 21723 is divided by 142?
139
What is the remainder when 114 is divided by 26?
10
What is the remainder when 25841 is divided by 14?
11
What is the remainder when 162732 is divided by 88?
20
Calculate the remainder when 15598125 is divided by 84.
81
Calculate the remainder when 13250 is divided by 48.
2
What is the remainder when 46991 is divided by 176?
175
Calculate the remainder when 20514 is divided by 54.
48
Calculate the remainder when 6008 is divided by 49.
30
Calculate the remainder when 175809 is divided by 441.
291
Calculate the remainder when 124010 is divided by 1170.
1160
Calculate the remainder when 11332 is divided by 2826.
28
What is the remainder when 21718 is divided by 10847?
24
Calculate the remainder when 28729 is divided by 125.
104
What is the remainder when 3045 is divided by 2756?
289
What is the remainder when 12433 is divided by 479?
458
What is the remainder when 1435225 is divided by 431?
426
Calculate the remainder when 7745 is divided by 773.
15
What is the remainder when 6765 is divided by 746?
51
What is the remainder when 18634 is divided by 848?
826
What is the remainder when 1051123 is divided by 52556?
3
Calculate the remainder when 11347 is divided by 26.
11
Calculate the remainder when 71582 is divided by 141.
95
Calculate the remainder when 899132 is divided by 13623.
14
What is the remainder when 22918 is divided by 11454?
10
What is the remainder when 19917 is divided by 33?
18
Calculate the remainder when 1897 is divided by 221.
129
Calculate the remainder when 830247 is divided by 615.
612
What is the remainder when 18870 is divided by 217?
208
What is the remainder when 3547 is divided by 760?
507
What is the remainder when 105908 is divided by 306?
32
What is the remainder when 850605 is divided by 132?
129
What is the remainder when 2298 is divided by 455?
23
What is the remainder when 68644 is divided by 22875?
19
Calculate the remainder when 263462 is divided by 53.
52
Calculate the remainder when 94824 is divided by 2431.
15
What is the remainder when 297096 is divided by 29?
20
Calculate the remainder when 25595 is divided by 544.
27
What is the remainder when 21873 is divided by 99?
93
Calculate the remainder when 5354 is divided by 535.
4
What is the remainder when 20249 is divided by 16?
9
Calculate the remainder when 120117 is divided by 84.
81
What is the remainder when 29820 is divided by 31?
29
Calculate the remainder when 1479 is divided by 1461.
18
What is the remainder when 65967 is divided by 10981?
81
What is the remainder when 27580 is divided by 3447?
4
What is the remainder when 672832 is divided by 280?
272
What is the remainder when 29794 is divided by 10?
4
What is the remainder when 9445 is divided by 3142?
19
What is the remainder when 20730 is divided by 423?
3
What is the remainder when 53623 is divided by 17855?
58
Calculate the remainder when 85080 is divided by 630.
30
Calculate the remainder when 9749 is divided by 100.
49
Calculate the remainder when 3422 is divided by 687.
674
What is the remainder when 212238 is divided by 1241?
27
Calculate the remainder when 9009 is divided by 34.
33
Calculate the remainder when 6031 is divided by 10.
1
Calculate the remainder when 12110 is divided by 202.
192
Calculate the remainder when 104217 is divided by 939.
927
Calculate the remainder when 6037 is divided by 539.
108
Calculate the remainder when 7170 is divided by 346.
250
Calculate the remainder when 4170 is divided by 3.
0
What is the remainder when 59373 is divided by 19?
17
Calculate the remainder when 53279 is divided by 96.
95
Calculate the remainder when 323 is divided by 285.
38
What is the remainder when 36281 is divided by 188?
185
Calculate the remainder when 5175 is divided by 429.
27
Calculate the remainder when 132019 is divided by 20.
19
What is the remainder when 86195 is divided by 449?
436
What is the remainder when 25636 is divided by 90?
76
What is the remainder when 7885 is divided by 8?
5
What is the remainder when 17484 is divided by 2909?
30
What is the remainder when 1170425 is divided by 14?
11
What is the remainder when 198379 is divided by 99084?
211
Calculate the remainder when 226537 is divided by 235.
232
Calculate the remainder when 301059 is divided by 4014.
9
What is the remainder when 5772 is divided by 165?
162
What is the remainder when 25847 is divided by 332?
283
What is the remainder when 3171 is divided by 538?
481
Calculate the remainder when 175608 is divided by 85.
83
Calculate the remainder when 4911 is divided by 411.
390
Calculate the remainder when 4670 is divided by 156.
146
What is the remainder when 24387 is divided by 4050?
87
What is the remainder when 1661 is divided by 112?
93
Calculate the remainder when 265995 is divided by 112.
107
What is the remainder when 5257 is divided by 858?
109
What is the remainder when 5489 is divided by 151?
53
What is the remainder when 6109 is divided by 21?
19
What is the remainder when 15170 is divided by 757?
30
What is the remainder when 252646 is divided by 29?
27
What is the remainder when 8269 is divided by 750?
19
What is the remainder when 4696 is divided by 16?
8
What is the remainder when 42623 is divided by 42562?
61
What is the remainder when 1856 is divided by 307?
14
What is the remainder when 75411 is divided by 847?
28
What is the remainder when 544268 is divided by 348?
344
Calculate the remainder when 13434 is divided by 4468.
30
Calculate the remainder when 1707 is divided by 64.
43
Calculate the remainder when 5633 is divided by 342.
161
Calculate the remainder when 2601 is divided by 421.
75
What is the remainder when 55752 is divided by 276?
0
What is the remainder when 114932 is divided by 163?
17
Calculate the remainder when 92844 is divided by 121.
37
Calculate the remainder when 357 is divided by 308.
49
What is the remainder when 21954 is divided by 33?
9
What is the remainder when 775 is divided by 39?
34
What is the remainder when 5996 is divided by 666?
2
What is the remainder when 59057 is divided by 6?
5
What is the remainder when 20857 is divided by 205?
152
Calculate the remainder when 62339 is divided by 8905.
4
Calculate the remainder when 65126 is divided by 148.
6
Calculate the rema